e number?
False
Is 16118 a prime number?
False
Is 8213 a composite number?
True
Is 2437 prime?
True
Is 8095 a prime number?
False
Is 37577 composite?
True
Is 266311 a prime number?
False
Is 60181 prime?
False
Is 126913 composite?
False
Is 64551 a prime number?
False
Is 171553 composite?
False
Is 1639 a composite number?
True
Is 524821 a composite number?
True
Is 115189 a prime number?
False
Is 164477 composite?
False
Is 54251 a prime number?
True
Is 6343 composite?
False
Is 25387 composite?
True
Is 6443 prime?
False
Is 20635 prime?
False
Is 191585 a composite number?
True
Is 78401 composite?
False
Is 532523 a composite number?
False
Is 5923 composite?
False
Is 4271 prime?
True
Is 51473 prime?
True
Is 4691 a prime number?
True
Is 102407 composite?
False
Is 63901 a composite number?
False
Is 1412183 composite?
False
Is 1094449 a prime number?
True
Is 1327961 a prime number?
False
Is 196111 a composite number?
False
Is 109783 composite?
True
Is 5899 composite?
True
Is 3201145 a composite number?
True
Is 239563 composite?
True
Is 41867 a prime number?
False
Is 11819 a composite number?
True
Is 25057 prime?
True
Is 2839 prime?
False
Is 120643 prime?
False
Is 68473 prime?
True
Is 3891 composite?
True
Is 92405 a prime number?
False
Is 13993 a prime number?
False
Is 125285 prime?
False
Is 373 prime?
True
Is 1889 a prime number?
True
Is 1657 prime?
True
Is 169553 a prime number?
True
Is 11467 prime?
True
Is 4717 composite?
True
Is 3061 a prime number?
True
Is 298427 prime?
True
Is 21745 composite?
True
Is 4849 prime?
False
Is 17723 a composite number?
True
Is 1502381 prime?
True
Is 265631 prime?
False
Is 201715 a composite number?
True
Is 7039 composite?
False
Is 24793 a composite number?
False
Is 451 a prime number?
False
Is 855089 a composite number?
False
Is 6109 prime?
False
Is 63233 composite?
True
Is 11541 a composite number?
True
Is 6907 a composite number?
False
Is 507193 a prime number?
True
Is 61001 composite?
False
Is 189127 a composite number?
False
Is 213449 composite?
False
Is 158959 a prime number?
True
Is 41281 prime?
True
Is 1023479 prime?
False
Is 918163 a prime number?
False
Is 153262 a composite number?
True
Is 370339 prime?
False
Is 1517 prime?
False
Is 703 a prime number?
False
Is 162359 prime?
True
Is 919 composite?
False
Is 1205053 composite?
True
Is 27053 a composite number?
True
Is 2193863 composite?
True
Is 248291 composite?
False
Is 1139 a composite number?
True
Is 69991 composite?
False
Is 818461 a prime number?
False
Is 5402977 composite?
False
Is 97241 a prime number?
True
Is 958921 composite?
False
Is 93683 composite?
False
Is 410759 a composite number?
False
Is 27211 a composite number?
False
Is 14479 composite?
False
Is 5509 composite?
True
Is 4045091 a prime number?
True
Is 2101 a composite number?
True
Is 490418 composite?
True
Is 9349 prime?
True
Is 7897 prime?
False
Is 686227 composite?
True
Is 376843 a composite number?
True
Is 434621 composite?
True
Is 101189 composite?
True
Is 905 prime?
False
Is 10831 a prime number?
True
Is 477121 a prime number?
False
Is 25733 composite?
False
Is 19001 a composite number?
False
Is 1945 composite?
True
Is 2405435 a composite number?
True
Is 217643 a prime number?
True
Is 2897 a prime number?
True
Is 17905 prime?
False
Is 7283 prime?
True
Is 10651 a composite number?
False
Is 1267043 composite?
False
Is 7531 a prime number?
False
Is 572861 composite?
True
Is 3793 a composite number?
False
Is 12849 composite?
True
Is 221755 a composite number?
True
Is 1186931 composite?
False
Is 4009 a composite number?
True
Is 757 a prime number?
True
Is 3785 prime?
False
Is 46321 a prime number?
False
Is 41711 composite?
True
Is 106243 prime?
True
Is 289049 composite?
False
Is 548689 a composite number?
True
Is 15859 a prime number?
True
Is 170977 composite?
True
Is 673747 a composite number?
False
Is 357703 prime?
True
Is 7061 composite?
True
Is 38894 composite?
True
Is 254077 prime?
False
Is 82743 a prime number?
False
Is 919 a prime number?
True
Is 86599 prime?
True
Is 10913 a composite number?
True
Is 50119 composite?
False
Is 1757 prime?
False
Is 846119 composite?
True
Is 164698 a prime number?
False
Is 1549033 composite?
False
Is 3300251 a composite number?
True
Is 363119 composite?
False
Is 38821 prime?
True
Is 85571 prime?
True
Is 185971 a prime number?
True
Is 5923 a prime number?
True
Is 2146009 a prime number?
True
Is 35251 prime?
True
Is 61781 prime?
True
Is 6521 composite?
False
Is 177773 composite?
True
Is 342823 a composite number?
True
Is 556007 prime?
True
Is 165145 prime?
False
Is 187003 composite?
False
Is 8353 composite?
False
Is 587833 composite?
False
Is 68851 composite?
True
Is 18937 prime?
False
Is 7151 prime?
True
Is 60883 a prime number?
False
Is 100063 a prime number?
False
Is 161 a composite number?
True
Is 3079 a composite number?
False
Is 64907 prime?
False
Is 1198 composite?
True
Is 3155 composite?
True
Is 48731 a composite number?
False
Is 137435 prime?
False
Is 195181 a composite number?
True
Is 9983 composite?
True
Is 36991 a composite number?
True
Is 1473937 composite?
False
Is 19013 a prime number?
True
Is 147739 composite?
False
Is 2609107 prime?
True
Is 41765 a prime number?
False
Is 2234 prime?
False
Is 893006 prime?
False
Is 126095 composite?
True
Is 182147 a prime number?
False
Is 2348899 prime?
False
Is 176677 a composite number?
False
Is 2579 composite?
False
Is 1064733 composite?
True
Is 258049 a composite number?
True
Is 70373 a composite number?
False
Is 48283 a composite number?
True
Is 16382 composite?
True
Is 3661 a prime number?
False
Is 2761 prime?
False
Is 14519 a composite number?
False
Is 2140109 a prime number?
True
Is 23459 a prime number?
True
Is 32297 composite?
False
Is 49439 a composite number?
True
Is 100151 prime?
True
Is 221707 a prime number?
True
Is 44413 a composite number?
True
Is 621259 prime?
True
Is 33809 a prime number?
True
Is 310699 a composite number?
True
Is 23531 composite?
False
Is 16999 composite?
True
Is 82997 a composite number?
False
Is 78803 a composite number?
False
Is 1845083 composite?
True
Is 683 a composite number?
False
Is 2983 composite?
True
Is 165773 a prime number?
False
Is 6563 a composite number?
False
Is 17863 a composite number?
False
Is 14851 a prime number?
True
Is 11962 composite?
True
Is 36169 prime?
False
Is 3013 prime?
False
Is 16327 a composite number?
True
Is 217177 prime?
False
Is 136303 a composite number?
False
Is 78205 a prime number?
False
Is 5223 a prime number?
False
Is 78691 a composite number?
False
Is 368027 a prime number?
False
Is 61759 a prime number?
False
Is 400913 a prime number?
False
Is 907 prime?
True
Is 110681 a prime number?
True
Is 23233 a composite number?
True
Is 16519 a prime number?
True
Is 57863 composite?
True
Is 21283 prime?
True
Is 3821 a prime number?
True
Is 28697 composite?
False
Is 41315 prime?
False
Is 18901 a composite number?
True
Is 35029 a prime number?
False
Is 156647 prime?
False
Is 17863 a composite number?
False
Is 378869 composite?
False
Is 427007 composite?
True
Is 13883 prime?
True
Is 11279 composite?
False
Is 38261 composite?
False
Is 342697 a prime number?
True
Is 5563 prime?
True
Is 685987 prime?
True
Is 58267 a composite number?
True
Is 564163 prime?
True
Is 18439 prime?
True
Is 427351 composite?
False
Is 1668083 a composite number?
False
Is 599 a prime number?
True
Is 5617 a prime number?
False
Is 15439 a composite number?
False
Is 6139 prime?
False
Is 1517 a prime number?
False
Is 56609 prime?
False
Is 317587 prime?
True
Is 82591 a composite number?
False
Is 261158 composite?
True
Is 51149 a composite number?
True
Is 64393 a composite number?
True
Is 6037 composite?
False
Is 2159 a composite number?
True
Is 29833 prime?
True
Is 34691 a prime number?
False
Is 304435 composite?
True
Is 576787 composite?
False
Is 1528499 prime?
False
Is 121195 prime?
False
Is 41579 composite?
False
Is 803 prime?
False
Is 6673 composite?
False
Is 9803 composite?
False
Is 327073 a composite number?
True
Is 997 a composite number?
False
Is 297047 prime?
False
Is 116131 composite?
False
Is 103289 a prime number?
True
Is 363421 composite?
True
Is 25457 a prime number?
True
Is 54971 prime?
False
Is 80167 a composite number?
False
Is 2893 a composite number?
Tru